{"id":626,"date":"2019-10-09T23:49:06","date_gmt":"2019-10-10T03:49:06","guid":{"rendered":"http:\/\/kuyayky.com\/nuv\/?page_id=626"},"modified":"2019-10-09T23:49:08","modified_gmt":"2019-10-10T03:49:08","slug":"pacarina-podcast","status":"publish","type":"page","link":"https:\/\/kuyayky.com\/?page_id=626","title":{"rendered":"Pacarina Podcast"},"content":{"rendered":"<p>After many years of taking a hiatus from the radio waves, Kuyayky has retaken the development of Pacarina, a radio program that started when the Kuyayky members were kids in Jauja Peru. In episode 1 of this podcast, they document the efforts taken by Jose Hurtado Sr. to research and transcribe the musical piece and lyrics of the Jerga Cumu in 1967. And discover the incredible challenges that it overcame to survive over 500 years.<\/p>\n<p><a href=\"https:\/\/soundcloud.com\/kuyayky-hurtado\/pacarina-episodio-1-el-jerga-cumu-masterizado?utm_source=soundcloud&amp;utm_campaign=share&amp;utm_medium=facebook\">Listen Now on Soundcloud (In Spanish only)<\/a><\/p>\n<div class=\"text_exposed_show\"><\/div>\n<p>Despu\u00e9s de muchos a\u00f1os, Kuyayky regresa a la radio, retomando su proyecto Pacarina, un programa de radio que empezaron en 1989 cuando a\u00fan eran ni\u00f1os. En el primer episodio de este podcast, Kuyayky documenta los esfuerzos de su padre Jos\u00e9 Hurtado Zamudio, Pepelucho, para recopilar la m\u00fasica, letra y danza del Jerga Cumu. En el proceso descubren como esta pieza logra sobrevivir m\u00e1s de 500 a\u00f1os.<\/p>\n<p><a href=\"https:\/\/soundcloud.com\/kuyayky-hurtado\/pacarina-episodio-1-el-jerga-cumu-masterizado?utm_source=soundcloud&amp;utm_campaign=share&amp;utm_medium=facebook\">Escuchalo ahora en Soundcloud.<\/a><\/p>\n<p><iframe loading=\"lazy\" src=\"https:\/\/w.soundcloud.com\/player\/?url=https%3A\/\/api.soundcloud.com\/tracks\/369258917&amp;color=%23ff5500&amp;auto_play=false&amp;hide_related=false&amp;show_comments=true&amp;show_user=true&amp;show_reposts=false&amp;show_teaser=true\" width=\"100%\" height=\"166\" frameborder=\"no\" scrolling=\"no\"><\/iframe><\/p>\n<div class=\"text_exposed_show\"><\/div>\n","protected":false},"excerpt":{"rendered":"<p>After many years of taking a hiatus from the radio waves, Kuyayky has retaken the development of Pacarina, a radio program that started when the Kuyayky members were kids in Jauja Peru. In episode 1 of this podcast, they document the efforts taken by Jose Hurtado Sr. to research and transcribe the musical piece and [&hellip;]<\/p>\n","protected":false},"author":2,"featured_media":0,"parent":0,"menu_order":0,"comment_status":"closed","ping_status":"closed","template":"","meta":{"footnotes":""},"class_list":["post-626","page","type-page","status-publish","hentry"],"_links":{"self":[{"href":"https:\/\/kuyayky.com\/index.php?rest_route=\/wp\/v2\/pages\/626","targetHints":{"allow":["GET"]}}],"collection":[{"href":"https:\/\/kuyayky.com\/index.php?rest_route=\/wp\/v2\/pages"}],"about":[{"href":"https:\/\/kuyayky.com\/index.php?rest_route=\/wp\/v2\/types\/page"}],"author":[{"embeddable":true,"href":"https:\/\/kuyayky.com\/index.php?rest_route=\/wp\/v2\/users\/2"}],"replies":[{"embeddable":true,"href":"https:\/\/kuyayky.com\/index.php?rest_route=%2Fwp%2Fv2%2Fcomments&post=626"}],"version-history":[{"count":1,"href":"https:\/\/kuyayky.com\/index.php?rest_route=\/wp\/v2\/pages\/626\/revisions"}],"predecessor-version":[{"id":627,"href":"https:\/\/kuyayky.com\/index.php?rest_route=\/wp\/v2\/pages\/626\/revisions\/627"}],"wp:attachment":[{"href":"https:\/\/kuyayky.com\/index.php?rest_route=%2Fwp%2Fv2%2Fmedia&parent=626"}],"curies":[{"name":"wp","href":"https:\/\/api.w.org\/{rel}","templated":true}]}}